200
In base 10, what is -3 + -7648?
-7651
In base 9, what is 416546 - 2?
416544
In base 5, what is 2 + -1103044?
-1103042
In base 15, what is -26e36 - -3?
-26e33
In base 3, what is 21 + -12001120210?
-12001120112
In base 8, what is -4 - 73521?
-73525
In base 3, what is -21110 + 202122?
111012
In base 4, what is 11222 - -211?
12033
In base 13, what is -1 - -248b1?
248b0
In base 8, what is 65 + 32?
117
In base 8, what is 10263 + -116?
10145
In base 10, what is 83 + -269?
-186
In base 16, what is 23 + 2443?
2466
In base 6, what is 3505 - 43?
3422
In base 4, what is 1 + -1102311113?
-1102311112
In base 2, what is -100110010 - -111111?
-11110011
In base 5, what is 11 + -114441?
-114430
In base 6, what is -41442 + 50?
-41352
In base 11, what is 7361 + 3?
7364
In base 7, what is 3311300 + -5?
3311262
In base 7, what is 3405 + -61?
3314
In base 12, what is -1428a + 4?
-14286
In base 4, what is 1110331 + -103?
1110222
In base 6, what is -44423 - -15?
-44404
In base 5, what is 13120310 - -31?
13120341
In base 14, what is -159a94 - -4?
-159a90
In base 2, what is 100 - 10100010000001?
-10100001111101
In base 13, what is 5 + 644?
649
In base 2, what is 1010101001101 + 1010?
1010101010111
In base 5, what is 1444034 - -1?
1444040
In base 12, what is -1734 + -13?
-1747
In base 4, what is 2011 + 10103?
12120
In base 5, what is 12023 + 30?
12103
In base 5, what is -10433 + -40304?
-101242
In base 5, what is 11400 + -13210?
-1310
In base 12, what is a1 + 146?
227
In base 15, what is -41 - 69c?
-6dd
In base 3, what is -2002 - 1011010?
-1020012
In base 6, what is -1 + 111512?
111511
In base 12, what is 76194 - 2?
76192
In base 2, what is 100 + 10010111001100100?
10010111001101000
In base 12, what is -3 - -93a9?
93a6
In base 9, what is 8513 - -56?
8570
In base 16, what is 5 - -2bc28?
2bc2d
In base 4, what is 12320332 + -3?
12320323
In base 7, what is 2 - 36150?
-36145
In base 12, what is 53 - -144?
197
In base 9, what is -1568 - 2?
-1571
In base 11, what is 10756 + -aa?
10657
In base 16, what is e98f - -6?
e995
In base 16, what is 1 + -896ca?
-896c9
In base 13, what is -5a3b2 - -1?
-5a3b1
In base 6, what is 1315532 + -132?
1315400
In base 12, what is -24454 - -3?
-24451
In base 15, what is -40eb + -39?
-4135
In base 15, what is 0 + -2550b?
-2550b
In base 5, what is -131142 - -4033?
-122104
In base 14, what is 1841 + -9?
1836
In base 15, what is -5d + 1131?
10c3
In base 16, what is -1 + a27f?
a27e
In base 14, what is 1ccd00 + 2?
1ccd02
In base 10, what is -2406573 - 2?
-2406575
In base 2, what is -100 - 110110100100001?
-110110100100101
In base 16, what is -3 + 297a2?
2979f
In base 13, what is 8136 + 0?
8136
In base 8, what is -204233 + -3?
-204236
In base 3, what is -10122220200002 + 0?
-10122220200002
In base 9, what is 35 + -235?
-200
In base 5, what is -34 + -3234?
-3323
In base 11, what is -1383 + -9?
-1391
In base 3, what is -1100000 - -202221?
-120002
In base 13, what is -a41 - 16c?
-bb0
In base 11, what is 123 + -120?
3
In base 5, what is -3012 + -11334?
-14401
In base 8, what is -1 - 252654?
-252655
In base 2, what is -101011 + 101000011010111?
101000010101100
In base 2, what is -10011110001 + 11000110101?
101000100
In base 3, what is 112110 + -2120201?
-2001021
In base 16, what is 499a42 + 0?
499a42
In base 3, what is 1021021110 - -1?
1021021111
In base 6, what is -51 + 54140?
54045
In base 8, what is 104165 - 5?
104160
In base 3, what is 200010 + 212010?
1112020
In base 12, what is 7b59 + 0?
7b59
In base 2, what is -11 + -101101101111110?
-101101110000001
In base 9, what is 0 + 504?
504
In base 8, what is 11376 + 425?
12023
In base 15, what is -14d6c8 - -4?
-14d6c4
In base 13, what is -3 - -52796?
52793
In base 11, what is 99 - 13490?
-133a2
In base 6, what is 4 - 34434?
-34430
In base 8, what is 526 - 211?
315
In base 9, what is 225053 - 4?
225048
In base 14, what is 0 + 1c468?
1c468
In base 16, what is 8665 - -5?
866a
In base 15, what is 2a - c9?
-9e
In base 16, what is 171 - -20d2?
2243
In base 15, what is 806 - -76?
87c
In base 4, what is -1 + 3013?
3012
In base 9, what is -3 - 3561862?
-3561865
In base 3, what is -1111 - 20?
-1201
In base 8, what is 115 + -2404?
-2267
In base 5, what is 104 - -21000?
21104
In base 11, what is -1a6022 + -4?
-1a6026
In base 10, what is 15 + 10017?
10032
In base 2, what is -11001 + 11110011101100?
11110011010011
In base 13, what is 4 - -3b539?
3b540
In base 14, what is b1 - 70d?
-63c
In base 11, what is -20244 - -4?
-20240
In base 9, what is 18 - 178?
-160
In base 13, what is -2aa - 9b7?
-c94
In base 11, what is 301955 - 0?
301955
In base 8, what is -10257 - 50?
-10327
In base 6, what is 3 + 1014333?
1014340
In base 12, what is -3b - -934?
8b5
In base 13, what is 1 + a0363?
a0364
In base 8, what is 32 + -16323?
-16271
In base 15, what is baca0 + 4?
baca4
In base 16, what is -f82 - -1f?
-f63
In base 15, what is -6072b - 6?
-60732
In base 5, what is -3 + -2041432?
-2041440
In base 5, what is 100001 - 3?
44443
In base 10, what is -1586 + 114?
-1472
In base 4, what is 10 - -332130?
332200
In base 10, what is -27 - 10939?
-10966
In base 12, what is 41335 + 5?
4133a
In base 4, what is 2130003 - 0?
2130003
In base 2, what is -1001001011110110100 - -101?
-1001001011110101111
In base 9, what is -1654 + -8?
-1663
In base 13, what is -48 - 1a93?
-1b0b
In base 11, what is 27 + 231a1?
23218
In base 14, what is -63b + 98?
-583
In base 5, what is 101 - -31332?
31433
In base 8, what is 231504 + 2?
231506
In base 10, what is -7 + 5561?
5554
In base 3, what is 112 + 1200102010?
1200102122
In base 7, what is 5 + -1225661?
-1225653
In base 12, what is -9 + -4979?
-4986
In base 4, what is -11213 + -3201?
-21020
In base 7, what is -12353645 - -1?
-12353644
In base 11, what is -396436 - 2?
-396438
In base 16, what is -47c57 + 3?
-47c54
In base 10, what is -38802 - -5?
-38797
In base 12, what is -91bb + 2b?
-9190
In base 3, what is -2 - 12000202?
-12000211
In base 3, what is 1210021 + -221222?
211022
In base 13, what is -6 - 80acc?
-80b05
In base 16, what is 15e10 + -4?
15e0c
In base 15, what is -d - 13d12?
-13d20
In base 13, what is 152 - a5?
7a
In base 6, what is 1352 - 213?
1135
In base 10, what is -22 - -1139?
1117
In base 12, what is -aa5 - 12?
-ab7
In base 11, what is 23261 - 3?
23259
In base 4, what is 10130332200 - 1?
10130332133
In base 16, what is 50 - 351?
-301
In base 14, what is -2b716 - -1?
-2b715
In base 12, what is 3ba5 + -1a5?
3a00
In base 10, what is -151 - 3586?
-3737
In base 10, what is -1 - -11157?
11156
In base 10, what is -62 - -1159?
1097
In base 2, what is 110 + 1011101100100?
1011101101010
In base 4, what is 10110012301 + -2?
10110012233
In base 14, what is 15 + -c1d9?
-c1c4
In base 12, what is 392a9 + 3?
392b0
In base 4, what is -3230300 - 3?
-3230303
In base 2, what is 10 - -101001011101111010?
101001011101111100
In base 6, what is 14 - 10123?
-10105
In base 4, what is 101031 - 120?
100311
In base 9, what is -15 + 1570?
1554
In base 12, what is -66 + -488?
-532
In base 3, what is -1202220121 - 2?
-1202220200
In base 5, what is -230300232 - 3?
-230300240
In base 11, what is -1430 - -356?
-1085
In base 7, what is -5413 - -14050?
5334
In base 9, what is -4 - -1036451?
1036446
In base 11, what is 1775 + -219?
1557
In base 10, what is -150829 - -3?
-150826
In base 14, what is -50 - -60b?
59b
In base 10, what is -3 + 18375?
18372
In base 2, what is 10110000 - 111010?
1110110
In base 6, what is 2 + 15022125?
15022131
In base 16, what is 3098 + -4f?
3049
In base 6, what is -2 - 2245551?
-2245553
In base 12, what is ab295 + -1?
ab294
In base 15, what is -12ac9 + -1?
-12aca
In base 3, what is -2 - 120201200121?
-120201200200
In base 12, what is -24b7 + 2?
-24b5
In base 2, what is -10111 + -110010000001011?
-110010000100010
In base 16, what is -363 + -2d3?
-636
In base 15, what is 6b - -313?
37e
In base 16, what is 237 + 6a4?
8db
In base 12, what is -17a753 + -4?
-17a757
In base 9, what is 4543 + -1?
4542
In base 16, what is 3 - b1d7?
-b1d4
In base 2, what is 1000000001010110100011 + 100?
1000000001010110100111
In base 15, what is -644 + 3e?
-605
In base 9, what is 2278 - -76?
2365
In base 10, what is 2 + -115?
-113
In base 4, what is 20012 - 1131032?
-1111020
In base 7, what is 344 - 35024?
-34350
In base 13, what is 4 +